{"id":768,"date":"2018-08-29T19:06:36","date_gmt":"2018-08-29T22:06:36","guid":{"rendered":"https:\/\/cja-bue.infd.edu.ar\/sitio\/ubicacion\/"},"modified":"2024-10-10T11:10:24","modified_gmt":"2024-10-10T14:10:24","slug":"ubicacion","status":"publish","type":"page","link":"https:\/\/cja-bue.infd.edu.ar\/sitio\/ubicacion\/","title":{"rendered":"Ubicaci\u00f3n"},"content":{"rendered":"<p>El Conservatorio de M\u00fasica Juli\u00e1n Aguirre, se encuentra ubicado a dos cuadras del Ferrocarril L\u00ednea Roca, Estaci\u00f3n:\u00a0\u00a0<strong>Banfield Oeste <\/strong>&#8211;\u00a0 del <strong>Partido de Lomas de Zamora.<\/strong><\/p>\n<p>Se halla situado sobre la Av. H. Yrigoyen 7652\u00a0 (Ruta 2) entre las calles:\u00a0 Larroque y Berutti. Por su ubicaci\u00f3n, el acceso de Transporte es amplio, tanto de l\u00edneas de corta, mediana y larga distancia:<\/p>\n<p>Lado oeste: L\u00ednea 148, 152, 552, 318, 51, 164 (Ex 165).\u00a0\u00a0Lado Este:\u00a0 L\u00ednea 74, 79 , 160, 278 A-B-C-S- 299 todas.<\/p>\n<p><img decoding=\"async\" loading=\"lazy\" class=\"size-full wp-image-813 aligncenter\" src=\"https:\/\/cja-bue.infd.edu.ar\/sitio\/wp-content\/uploads\/2020\/08\/AGUIRRE-MAPA.png\" alt=\"\" width=\"655\" height=\"427\" \/><\/p>\n<p>El Conservatorio, en su Sede Anexo, se encuentra ubicado en las instalaciones de la Escuela Primaria N\u00ba37, en la calle Av. Meeks 778 de la Localidad de <strong>Temperley Oeste<\/strong>, entre las calles J. M. Fern\u00e1ndez y Lavalle, cercano a la estaci\u00f3n de Ferrocarril Roca, Estaci\u00f3n Temperley, Distrito de Lomas de Zamora, y a pocas cuadras de la Av. Alte Brown (R.P. 210) y la Av. H. Yrigoyen.<\/p>\n<p>L\u00edneas de larga distancia: 74, 79, 278 C, 318, 338, 564, 160, 164.<\/p>\n","protected":false},"excerpt":{"rendered":"<p>El Conservatorio de M\u00fasica Juli\u00e1n Aguirre, se encuentra ubicado a dos cuadras del Ferrocarril L\u00ednea Roca, Estaci\u00f3n:\u00a0\u00a0Banfield Oeste &#8211;\u00a0 del Partido de Lomas de Zamora. Se halla situado sobre la Av. H. Yrigoyen 7652\u00a0 (Ruta 2) entre las calles:\u00a0 Larroque y Berutti. Por su ubicaci\u00f3n, el acceso de Transporte es amplio, tanto de l\u00edneas de &#8230; <a title=\"Ubicaci\u00f3n\" class=\"read-more\" href=\"https:\/\/cja-bue.infd.edu.ar\/sitio\/ubicacion\/\" aria-label=\"More on Ubicaci\u00f3n\">[+]<\/a><\/p>\n","protected":false},"author":14,"featured_media":0,"parent":0,"menu_order":0,"comment_status":"closed","ping_status":"closed","template":"","meta":[],"acf":[],"_links":{"self":[{"href":"https:\/\/cja-bue.infd.edu.ar\/sitio\/wp-json\/wp\/v2\/pages\/768"}],"collection":[{"href":"https:\/\/cja-bue.infd.edu.ar\/sitio\/wp-json\/wp\/v2\/pages"}],"about":[{"href":"https:\/\/cja-bue.infd.edu.ar\/sitio\/wp-json\/wp\/v2\/types\/page"}],"author":[{"embeddable":true,"href":"https:\/\/cja-bue.infd.edu.ar\/sitio\/wp-json\/wp\/v2\/users\/14"}],"replies":[{"embeddable":true,"href":"https:\/\/cja-bue.infd.edu.ar\/sitio\/wp-json\/wp\/v2\/comments?post=768"}],"version-history":[{"count":4,"href":"https:\/\/cja-bue.infd.edu.ar\/sitio\/wp-json\/wp\/v2\/pages\/768\/revisions"}],"predecessor-version":[{"id":984,"href":"https:\/\/cja-bue.infd.edu.ar\/sitio\/wp-json\/wp\/v2\/pages\/768\/revisions\/984"}],"wp:attachment":[{"href":"https:\/\/cja-bue.infd.edu.ar\/sitio\/wp-json\/wp\/v2\/media?parent=768"}],"curies":[{"name":"wp","href":"https:\/\/api.w.org\/{rel}","templated":true}]}}