{"id":318,"date":"2016-10-31T14:20:44","date_gmt":"2016-10-31T17:20:44","guid":{"rendered":"https:\/\/cja-bue.infd.edu.ar\/sitio\/?page_id=318"},"modified":"2025-08-19T13:38:32","modified_gmt":"2025-08-19T16:38:32","slug":"contacto","status":"publish","type":"page","link":"https:\/\/cja-bue.infd.edu.ar\/sitio\/contacto\/","title":{"rendered":"CONTACTO"},"content":{"rendered":"<p><span style=\"font-family: verdana; font-size: 10pt; color: #000000;\"><strong>ISFD Conservatorio de M\u00fasica Juli\u00e1n Aguirre<\/strong><\/span><\/p>\n<ul>\n<li><strong><span style=\"font-family: verdana; font-size: 10pt; color: #000000;\">Sede Banfield<\/span><\/strong><\/li>\n<li><span style=\"font-family: verdana; font-size: 10pt; color: #000000;\">Horarios de atenci\u00f3n: Lunes a viernes de 8 a 12hs \/ 13 a 17hs \/ 18 a 22hs &#8211; S\u00e1bados de 9 a 15hs<\/span><\/li>\n<li><span style=\"font-family: verdana; font-size: 10pt; color: #000000;\">Direcci\u00f3n: Av. H. Yrigoyen 7652 &#8211; Banfield &#8211; Pcia de Bs. As.\u00a0<\/span><\/li>\n<li><span style=\"font-family: verdana; font-size: 10pt; color: #000000;\">Tel\u00e9fono: 2097-9192<\/span><\/li>\n<\/ul>\n<p>&nbsp;<\/p>\n<ul>\n<li><strong><span style=\"font-family: verdana; font-size: 10pt; color: #000000;\">Anexo Temperley<\/span><\/strong><\/li>\n<li><span style=\"font-family: verdana; font-size: 10pt; color: #000000;\">Horarios de atenci\u00f3n: Lunes a viernes de 18 a 22hs<\/span><\/li>\n<li><span style=\"font-family: verdana; font-size: 10pt; color: #000000;\">Direcci\u00f3n: Av. Meeks 778 &#8211; Temperley &#8211; Pcia de Bs. As.<\/span><\/li>\n<li><span style=\"font-family: verdana; font-size: 10pt; color: #000000;\">Tel\u00e9fono: 7547-6496 <em>(18 a 22hs)<\/em><\/span><\/li>\n<\/ul>\n<p>&nbsp;<\/p>\n<ul>\n<li><span style=\"color: #000000;\"><strong><span style=\"font-family: verdana; font-size: 10pt;\">E-mail de consultas:<\/span><\/strong><\/span><\/li>\n<\/ul>\n<p><strong><span style=\"color: #000000;\"><span style=\"font-family: verdana; font-size: 10pt;\">FORMACI\u00d3N B\u00c1SICA (Banfield)<\/span><\/span><\/strong><\/p>\n<p><span style=\"color: #000000;\"><span style=\"font-family: verdana; font-size: 10pt;\">TURNO MA\u00d1ANA: <\/span><span style=\"font-family: verdana; font-size: 10pt;\">fobabanfieldtm@gmail.com\u00a0<\/span><\/span><\/p>\n<p><span style=\"font-family: verdana; font-size: 10pt; color: #000000;\">TURNO TARDE: fobabanfieldtt@gmail.com<\/span><\/p>\n<p><span style=\"font-family: verdana; font-size: 10pt; color: #000000;\">TURNO VESPERTINO: fobabanfieldtv@gmail.com<\/span><\/p>\n<p><strong><span style=\"font-family: verdana; font-size: 10pt; color: #000000;\">ANEXO TEMPERLEY (S\u00f3lo vespertino): <\/span><\/strong><\/p>\n<p><span style=\"font-family: verdana; font-size: 10pt; color: #000000;\">FOBA ADULTOS: fobadultostemperley@gmail.com<\/span><\/p>\n<p><span style=\"font-family: verdana; font-size: 10pt; color: #000000;\">FOBA NI\u00d1OS: fobatemperley@gmail.com<\/span><\/p>\n<p><span style=\"font-family: verdana; font-size: 10pt; color: #000000;\">FOBA NI\u00d1OS: instrumentostemperley@gmail.com<\/span><\/p>\n<p><span style=\"font-family: verdana; font-size: 10pt; color: #000000;\"><strong><span style=\"color: #000000;\"><span style=\"font-family: verdana; font-size: 10pt;\">SUPERIOR (Banfield)\u00a0<\/span><\/span><\/strong><\/span><\/p>\n<p><span style=\"font-family: verdana; font-size: 10pt; color: #000000;\">pr.superior.consaguirre@gmail.com<\/span><\/p>\n<p>&nbsp;<\/p>\n<ul>\n<li><span style=\"font-family: verdana; font-size: 10pt; color: #000000;\"><strong>WEB:<\/strong> <a href=\"https:\/\/web.consaguirre.com.ar\/\">http:\/\/www.consaguirre.com.ar\/<\/a><\/span><\/li>\n<\/ul>\n<p>&nbsp;<\/p>\n","protected":false},"excerpt":{"rendered":"<p>ISFD Conservatorio de M\u00fasica Juli\u00e1n Aguirre Sede Banfield Horarios de atenci\u00f3n: Lunes a viernes de 8 a 12hs \/ 13 a 17hs \/ 18 a 22hs &#8211; S\u00e1bados de 9 a 15hs Direcci\u00f3n: Av. H. Yrigoyen 7652 &#8211; Banfield &#8211; Pcia de Bs. As.\u00a0 Tel\u00e9fono: 2097-9192 &nbsp; Anexo Temperley Horarios de atenci\u00f3n: Lunes a viernes &#8230; <a title=\"CONTACTO\" class=\"read-more\" href=\"https:\/\/cja-bue.infd.edu.ar\/sitio\/contacto\/\" aria-label=\"More on CONTACTO\">[+]<\/a><\/p>\n","protected":false},"author":1,"featured_media":0,"parent":0,"menu_order":0,"comment_status":"closed","ping_status":"closed","template":"","meta":[],"acf":[],"_links":{"self":[{"href":"https:\/\/cja-bue.infd.edu.ar\/sitio\/wp-json\/wp\/v2\/pages\/318"}],"collection":[{"href":"https:\/\/cja-bue.infd.edu.ar\/sitio\/wp-json\/wp\/v2\/pages"}],"about":[{"href":"https:\/\/cja-bue.infd.edu.ar\/sitio\/wp-json\/wp\/v2\/types\/page"}],"author":[{"embeddable":true,"href":"https:\/\/cja-bue.infd.edu.ar\/sitio\/wp-json\/wp\/v2\/users\/1"}],"replies":[{"embeddable":true,"href":"https:\/\/cja-bue.infd.edu.ar\/sitio\/wp-json\/wp\/v2\/comments?post=318"}],"version-history":[{"count":17,"href":"https:\/\/cja-bue.infd.edu.ar\/sitio\/wp-json\/wp\/v2\/pages\/318\/revisions"}],"predecessor-version":[{"id":1312,"href":"https:\/\/cja-bue.infd.edu.ar\/sitio\/wp-json\/wp\/v2\/pages\/318\/revisions\/1312"}],"wp:attachment":[{"href":"https:\/\/cja-bue.infd.edu.ar\/sitio\/wp-json\/wp\/v2\/media?parent=318"}],"curies":[{"name":"wp","href":"https:\/\/api.w.org\/{rel}","templated":true}]}}